 of 11?
False
Is 520 a factor of 78016187?
False
Does 127 divide 19138646?
True
Is 40 a factor of 1210014720?
True
Is 1949414 a multiple of 5?
False
Is 11070054 a multiple of 87?
True
Is 223 a factor of 9838091?
True
Does 2303 divide 15872276?
True
Does 4394 divide 1418097590?
True
Is 1131004512 a multiple of 18?
True
Is 109 a factor of 69806259?
False
Is 4 a factor of 113500703?
False
Does 1224 divide 306521364?
False
Is 995963694 a multiple of 59?
False
Is 679 a factor of 851093388?
False
Is 69472198 a multiple of 24?
False
Is 701156246 a multiple of 194?
False
Is 110 a factor of 2262701760?
True
Is 1401 a factor of 82422280?
False
Does 76 divide 3190533193?
False
Is 8 a factor of 315064080?
True
Is 23 a factor of 378622067?
True
Is 7 a factor of 4219706?
False
Does 57 divide 4077153?
True
Does 14 divide 5299314?
False
Is 14 a factor of 126512680?
True
Is 3185725330 a multiple of 9353?
True
Is 3685 a factor of 143461060?
False
Is 545 a factor of 47006795?
True
Is 900527740 a multiple of 85?
True
Is 9 a factor of 29689272?
True
Does 112 divide 12788795?
False
Is 1293468866 a multiple of 17?
False
Is 134250805 a multiple of 65?
True
Does 615 divide 3043577805?
True
Does 7 divide 25385266?
False
Does 4347 divide 75274446?
False
Is 398 a factor of 16478047?
False
Is 28 a factor of 446181857?
False
Does 73 divide 853756525?
False
Does 16 divide 11805296?
True
Is 1185 a factor of 21126455?
False
Does 11 divide 691884560?
False
Does 73 divide 2405069?
False
Does 19 divide 41000002?
False
Is 553 a factor of 237024095?
True
Is 3085 a factor of 1997410558?
False
Is 1978553 a multiple of 4?
False
Is 6 a factor of 30215847?
False
Is 60 a factor of 2648220?
True
Does 4 divide 123002528?
True
Does 30 divide 10662268?
False
Is 1383 a factor of 36695437?
False
Is 1965394292 a multiple of 33?
False
Is 20172460 a multiple of 20?
True
Is 45 a factor of 3460003?
False
Does 199 divide 52341635?
False
Is 74289240 a multiple of 12?
True
Is 11 a factor of 9428221?
True
Does 7329 divide 839648705?
False
Does 1038 divide 455965833?
False
Is 4 a factor of 52057850?
False
Does 180 divide 119987280?
True
Does 97 divide 1472806018?
False
Does 98 divide 376054979?
False
Is 34 a factor of 876034080?
False
Is 70223890 a multiple of 205?
False
Is 85328988 a multiple of 23?
True
Does 271 divide 246470721?
False
Is 4515758611 a multiple of 125?
False
Is 621624150 a multiple of 126?
True
Is 55 a factor of 964870?
False
Is 39 a factor of 22091550?
True
Does 18 divide 51260547?
False
Is 315 a factor of 115100029?
False
Is 105272724 a multiple of 3?
True
Is 328026792 a multiple of 206?
False
Is 6813726 a multiple of 163?
True
Does 113 divide 2673540789?
True
Is 102 a factor of 19806564?
True
Does 1861 divide 290712393?
True
Does 117 divide 47074454?
False
Is 73837248 a multiple of 4?
True
Is 466 a factor of 4376758477?
False
Is 1454105 a multiple of 63?
False
Is 29 a factor of 28202580?
False
Is 114 a factor of 368036039?
False
Does 1964 divide 102723092?
True
Is 6 a factor of 35893621?
False
Does 516 divide 129567021?
False
Is 208038115 a multiple of 281?
False
Is 43 a factor of 7731529?
True
Does 27 divide 42525965?
False
Is 41 a factor of 127066257?
True
Does 78 divide 114582?
True
Does 28 divide 16455292?
True
Does 145 divide 2195474145?
True
Is 13 a factor of 15530164?
True
Is 606747127 a multiple of 1796?
False
Is 283 a factor of 13197254?
False
Is 129098096 a multiple of 16?
True
Does 126 divide 1041851916?
True
Is 844 a factor of 250160756?
True
Is 37700348 a multiple of 22?
False
Is 20 a factor of 20926291?
False
Is 3369946016 a multiple of 2326?
True
Does 785 divide 789489423?
False
Does 7646 divide 2445848356?
True
Is 41020325 a multiple of 822?
False
Is 622954800 a multiple of 8700?
True
Is 278891180 a multiple of 156?
False
Is 68 a factor of 3562939?
False
Is 8 a factor of 16502606?
False
Is 460644000 a multiple of 8625?
True
Is 13 a factor of 1508940098?
False
Is 35217801 a multiple of 1081?
False
Does 45 divide 46870510?
False
Is 119204945 a multiple of 68?
False
Is 8 a factor of 1513644619?
False
Is 131104820 a multiple of 11?
True
Does 9 divide 13745889?
True
Does 3074 divide 21929916?
True
Does 4 divide 31355932?
True
Is 4027997648 a multiple of 248?
True
Is 61 a factor of 147697610?
False
Is 1890 a factor of 2770431930?
True
Is 505255562 a multiple of 49?
True
Is 2097854215 a multiple of 158?
False
Is 406 a factor of 1006963636?
True
Is 11 a factor of 830829714?
True
Is 4337210 a multiple of 31?
True
Is 61185542 a multiple of 22?
True
Is 3245 a factor of 2911884525?
True
Is 556 a factor of 4176294?
False
Is 79 a factor of 1066234797?
True
Is 36 a factor of 65640132?
True
Is 12 a factor of 69736056?
True
Is 2956 a factor of 406673558?
False
Does 93 divide 52924279?
False
Does 7 divide 67408812?
False
Is 27740595 a multiple of 39?
False
Is 118 a factor of 830008932?
True
Is 2938412295 a multiple of 819?
True
Is 423645457 a multiple of 619?
True
Is 39 a factor of 11859873?
False
Is 159 a factor of 323779332?
True
Does 225 divide 1582270058?
False
Is 64321190 a multiple of 178?
True
Is 1945 a factor of 1106281766?
False
Is 83822580 a multiple of 4?
True
Does 10 divide 26034662?
False
Does 937 divide 14194766?
False
Does 680 divide 6733173?
False
Is 10460 a factor of 896463840?
True
Is 314 a factor of 655859022?
True
Is 2358935665 a multiple of 674?
False
Does 480 divide 8256480?
True
Is 18 a factor of 180782118?
True
Does 51 divide 5032374?
True
Does 24 divide 173091288?
True
Does 80 divide 6186400?
True
Is 159514023 a multiple of 7?
False
Is 1250527142 a multiple of 19?
True
Is 18673641 a multiple of 3123?
False
Does 1043 divide 25375147?
True
Is 473 a factor of 8991257?
True
Is 20167056 a multiple of 988?
True
Does 88 divide 6394872?
True
Is 74 a factor of 197028366?
False
Does 3265 divide 432558697?
False
Does 8 divide 7040376?
True
Does 688 divide 34538976?
True
Is 11 a factor of 7286202329?
False
Is 738106545 a multiple of 2014?
False
Is 31977 a multiple of 9?
True
Is 85139097 a multiple of 1356?
False
Is 814763000 a multiple of 61?
False
Does 102 divide 30279089?
False
Is 59927973 a multiple of 3?
True
Is 47095282 a multiple of 26?
True
Is 57952936 a multiple of 1453?
False
Is 132 a factor of 49036812?
True
Is 336248789 a multiple of 8?
False
Is 410 a factor of 334069640?
True
Does 8 divide 44970556?
False
Does 19 divide 1361771363?
True
Is 21 a factor of 64044309?
True
Does 15 divide 418751865?
True
Is 27 a factor of 134364204?
True
Does 22 divide 43293307?
False
Is 143 a factor of 54568240?
False
Does 101 divide 108313584?
False
Is 69 a factor of 87307356?
True
Is 365681513 a multiple of 4102?
False
Is 2196 a factor of 865612083?
False
Is 17721132 a multiple of 44?
True
Does 5 divide 38152835?
True
Is 1876454899 a multiple of 163?
False
Is 206235383 a multiple of 349?
False
Is 213 a factor of 150346?
False
Is 472119822 a multiple of 9?
True
Does 92 divide 664285816?
True
Is 453 a factor of 294334938?
True
Does 198 divide 95210847?
False
Is 17727650 a multiple of 10?
True
Is 42 a factor of 14072688?
True
Is 3180 a factor of 306165093?
False
Is 56324428 a multiple of 992?
False
Is 182946823 a multiple of 268?
False
Does 21 divide 79899498?
True
Is 286531614 a multiple of 339?
True
Is 288 a factor of 2843136?
True
Is 2119 a factor of 989330935?
False
Is 23270400 a multiple of 1010?
True
Does 4067 divide 376929560?
True
Does 899 divide 936813836?
False
Is 103477234 a multiple of 259?
True
Is 14 a factor of 356521?
False
Is 28821268 a multiple of 260?
False
Is 50087502 a multiple of 9?
True
Is 113028792 a multiple of 2658?
True
Is 122 a factor of 7441355?
False
Is 480130635 a multiple of 31?
True
Does 18 divide 1725046614?
True
Does 157 divide 31592011?
True
Is 33273198 a multiple of 2786?
True
Is 94088811 a multiple of 129?
False
Is 3699788 a multiple of 16?
False
Is 8846207 a multiple of 2?
False
Does 186 divide 5621753342?
False
Does 114 divide 463555070?
False
Does 94 divide 126326976?
True
Is 166353476 a multiple of 1354?
False
Does 6 divide 51599976?
True
Does 11 divide 1670932875?
False
Is 5229408 a multiple of 87?
False
Does 23 divide 17075407?
True
Does 5 divide 409214835?
True
Is 359419284 a multiple of 3526?
True
Is 87755649 a multiple of 51?
True